 - 22. Let p = 3 - -1. Let h = p + q. What is the greatest common factor of h and 33?
3
Let b = 26 + -10. What is the highest common divisor of b and 16?
16
Let s(h) be the first derivative of -h**3/3 + 9*h**2/2 + 8*h - 2. Let k be s(9). Calculate the greatest common divisor of 8 and k.
8
Let n(t) = t - 2. Let a be n(2). Suppose -2*u - 3*q - 14 + 239 = a, -2*u - 4*q = -222. Calculate the greatest common factor of 13 and u.
13
Let w be 1/3 - (-2323)/69. Calculate the highest common factor of w and 51.
17
Suppose 0 = 3*g - 7*g + 60. Suppose -y = 4*a - 140, 2*y - 76 = 4*a + 144. Calculate the greatest common factor of g and y.
15
Let x be 1/4 - 335/(-4). Suppose 5*z + m - 6 - 2 = 0, -3*m - 16 = -5*z. Suppose w + z*w - x = 0. What is the highest common factor of 7 and w?
7
Let t be (-3 + (-210)/(-24))/(2/8). Suppose -2*n + 170 = -n. Let m = n + 14. Calculate the highest common factor of m and t.
23
Let f(s) = 2*s**2 + 3*s - 4. Let i = -18 - -15. Let o be f(i). Calculate the greatest common divisor of 5 and o.
5
Let v(y) = -3*y - 8. Let o be v(-4). Let i(l) = 6*l - 9. Let n be i(o). What is the highest common factor of n and 120?
15
Let c = 28 - 22. What is the greatest common factor of c and 6?
6
Suppose 0*d - d + 18 = 0. Suppose -2*m - m + 30 = 0. Let w = m + -1. Calculate the greatest common factor of d and w.
9
Let t(f) = 65*f + 1. Let p be t(1). Let w = 16 + -10. Calculate the greatest common divisor of p and w.
6
Let t(q) = 2*q**2 + q - 2. Let w be t(2). Suppose 3*l - w*l = -3*s - 169, -l + 2*s + 38 = 0. Calculate the highest common factor of l and 8.
8
Suppose 3*p + 7 = 55. Suppose d = -0*d + 5. Suppose 0*a - d*m = 2*a - 22, -3*a + p = -m. Calculate the greatest common divisor of a and 54.
6
Let h = -42 + 46. What is the highest common factor of 12 and h?
4
Let i = 7 - 4. Suppose 2*k = 0, -4*k = i*n - 6 - 0. Suppose -21 = -5*v + 5*w + 109, -w - 92 = -4*v. Calculate the greatest common divisor of v and n.
2
Let j be -3*(15/(-9) - -1). Suppose j*k - 49 = 11. Calculate the greatest common divisor of k and 75.
15
Suppose 241 = 14*r - 459. What is the highest common divisor of 10 and r?
10
Suppose 3 - 15 = -s. What is the highest common factor of s and 3?
3
Suppose 3*f - 6 = -5*b, 5*b + 12 = 4*f + 4. What is the greatest common factor of 1 and f?
1
Suppose 6*l = 14 + 94. Calculate the greatest common divisor of l and 144.
18
Suppose 0*a + 110 = 2*a - 5*j, 3*a + 3*j = 144. What is the greatest common factor of 25 and a?
25
Suppose -5*j + 2*v = -185, 5*j + 4*v + v - 220 = 0. Calculate the greatest common factor of j and 13.
13
Let k = 9 - 5. What is the greatest common factor of 4 and k?
4
Suppose 0 = 5*m - 38 - 72. What is the highest common factor of 2 and m?
2
Suppose 0*w - 2*w = -8. Let p be (7 - 2)*16/5. Let u = p + -10. What is the greatest common divisor of w and u?
2
Let h = 127 + -104. Calculate the greatest common factor of h and 391.
23
Let o = 8 - 5. Suppose s + o*r = -13 - 2, s + 4*r = -20. Suppose 5*p + 0*p - 680 = s. Calculate the greatest common divisor of 17 and p.
17
Suppose 0*m + 2*m + 2*d - 108 = 0, -4*m - 5*d = -220. Calculate the greatest common factor of m and 10.
10
Suppose -3*p = -5*k - 197, 2*p - 4*k - 75 = p. Suppose -z + o = 97, -320 - p = 4*z - o. Let u = -61 - z. Calculate the highest common factor of u and 3.
3
Let w(b) = b**2 - 2 - 3*b - 2*b + 4*b. Let j be w(-3). Let x = -9 + 34. Calculate the highest common factor of j and x.
5
Suppose -2*b + 19 = -21. What is the highest common divisor of 50 and b?
10
Suppose 0 = -f - t - 9, t = 1 - 5. Let u be 55/3*(-2 - f). Calculate the highest common factor of 11 and u.
11
Let c be (160/(-12))/(-5)*12. Suppose -n + 5*n - c = 0. What is the highest common divisor of 24 and n?
8
Let i(j) = -12*j + 1. Let o be i(-1). Let f = o + 4. Let z = 27 - f. What is the greatest common divisor of z and 5?
5
Let g be (-12)/(-66) - 1316/(-22). What is the highest common factor of g and 12?
12
Let m be -32*(1 + 6/(-4)). Let x(v) = -v + 6. Let z be x(3). Suppose -z*u + 526 = 2*a, -4*u + 163 = -a - 542. Calculate the greatest common factor of u and m.
16
Suppose 18 = -5*x + 73. Let a = -39 - -62. Let b = a + 32. What is the highest common factor of b and x?
11
Suppose 5*x + h + 1 - 23 = 0, 4*x = -5*h + 26. What is the highest common factor of 3 and x?
1
Suppose -2*l + 0*u + 20 = 3*u, 2*l + u = 12. Suppose -2*j = -y - 0*y + 48, 0 = 5*y - l*j - 216. What is the greatest common factor of 60 and y?
20
Let l be 2/9 + 1474/9. Let t = l - 79. Suppose 0 = 4*g + 4*u - 136, -5*g + 5*u + 170 = -0*g. What is the greatest common divisor of t and g?
17
Let q be (-2 - -6) + -2 + 2. Suppose -q*c - 2*g + 526 = c, -5*c = -5*g - 505. Suppose 4*a + 0*a - 52 = 0. Calculate the highest common factor of a and c.
13
Let r be 216 + 0 - (1 + -2). Let a be 71/(2/4 - 1). Let f = a + r. Calculate the highest common factor of f and 30.
15
Let i = -122 - -85. Let w = -26 - i. What is the greatest common factor of 77 and w?
11
Let n(v) = 8*v - 16 - 7*v**2 - 3*v**3 + 17 + 2*v**3. Let d be n(-8). Let i(u) = 12*u**2 - 1. Let z be i(d). Calculate the greatest common factor of 11 and z.
11
Suppose -3*f - 95 = -4*o, -4*f + 0*o - 5*o = 137. Let k be (-1)/((f/18)/11). What is the greatest common factor of 18 and k?
6
Let k(b) = 2*b + 1. Suppose 0 = y - 1 - 0. Let s be k(y). Suppose -s*p + 3*h + 57 = 0, -2*p + 3 = -0*h + 5*h. What is the highest common factor of p and 126?
14
Let u be (6/(-3) - -2)/1. Let q(j) = -j + 319. Let k be q(u). What is the highest common divisor of k and 29?
29
Let z = -1 + 7. Let h = -7 + 13. What is the highest common factor of h and z?
6
Let b be (-17)/(-2) + (-1 + 4)/(-6). Let a(i) = -71*i**3 + i**2 + i + 1. Let o be a(-1). Calculate the highest common factor of b and o.
8
Suppose -3*g = -2*c - 37, -72*c - 35 = -3*g - 71*c. Let v be 5/2*(-22)/(-1). Calculate the greatest common divisor of g and v.
11
Let q be (-18)/(-4)*(-4)/(-6). Let a(k) be the second derivative of -k**3/6 + 15*k**2/2 - 2*k. Let j be a(9). What is the greatest common divisor of q and j?
3
Let r = 4 + 2. Suppose -4*h = 2*h - y - 55, -4*y - 4 = 0. What is the highest common factor of h and r?
3
Let h be 4/(-14) + 72/(-42). Let j be 6*-10*h/5. Let u = 16 - 8. What is the greatest common factor of j and u?
8
Suppose u = -y + 5, 5*y + 2*u - 7 = 6. Suppose 5*i + 53 - 218 = 0. Suppose -2*z + i = z. Calculate the greatest common factor of z and y.
1
Let i = 25 - 21. What is the greatest common factor of 16 and i?
4
Let x be (4/(-6))/((-2)/9). Suppose 7*k - x*k - 88 = 0. Let u = 132 + -77. Calculate the greatest common factor of k and u.
11
Let x be (-9)/(-12) + (-57)/(-4). Suppose 2*s - 7 = x. What is the greatest common divisor of 11 and s?
11
Suppose 0*j = -h + 5*j + 7, 2 = -h - 4*j. Suppose h*t + t = 6. Suppose -t*w + 3*w - v = 44, -4*v + 19 = w. Calculate the highest common factor of w and 26.
13
Suppose 0 = 5*a - 2*g - 23 - 36, 2*g - 7 = -a. Let y be -2*(1 - 57/2). What is the greatest common factor of y and a?
11
Let u = 46 - 31. Calculate the greatest common divisor of 45 and u.
15
Let i = 95 + -75. Suppose -2*p + 12 = 2*p. Suppose -3*f + 5*f - 2*u = 8, -p*f + 12 = u. Calculate the highest common divisor of f and i.
4
Let u be (-51)/(-15) - 4/10. Calculate the highest common factor of 2 and u.
1
Let f be 3*-3*(-1)/3. Suppose 0 = -f*n + 3, -3*j - 2*n = n - 24. What is the greatest common factor of j and 35?
7
Let l = 11 + -8. Let o(r) = -r**l + 2*r**3 + 5*r + 7*r**2 + r**2 + 6. Let f be o(-6). What is the highest common factor of f and 6?
6
Suppose 5 = -5*i, i = -3*u - 0*i + 89. What is the greatest common factor of 90 and u?
30
Let h = -28 - -34. Let j = 43 - 25. Suppose 4*a = -h + j, -3*n + 45 = a. Calculate the highest common factor of n and 7.
7
Suppose -9*g - 14 = -11*g. Suppose 0 = -2*r - 4, u - r = -29 + 73. Calculate the greatest common divisor of g and u.
7
Let b be 2/(-8) - (-68)/16. Suppose p + b*p - 90 = 0. Suppose 70 = n + 5*x, 0*n + 3*n = 5*x + 110. Calculate the highest common divisor of p and n.
9
Suppose t + 1 = -3*x, 4*t + 0 + 4 = 3*x. Let h(j) = 19*j**2 - 2*j - 1. Let n be h(t). What is the highest common factor of 10 and n?
10
Let d = -16 + 31. Let g be 12/10*(-20)/(-4). Suppose -2*l + g*l = -2*r + 550, -5*l + 5*r 